 + 24, n = -4*c - i + 32. Calculate the greatest common divisor of c and 40.
8
Let n be (-1 - 374/(-4)) + (-4)/(-8). What is the highest common divisor of 62 and n?
31
Let s be ((-60)/(-14))/((-36)/(-252)). What is the greatest common divisor of s and 150?
30
Let j(h) = 3*h**2 + h + 1. Let p be j(2). Calculate the highest common divisor of 150 and p.
15
Let v = 13 - -5. What is the highest common divisor of v and 18?
18
Suppose 0 = 4*q + q - b - 52, -9 = -3*b. Let i(r) = -4*r + 1. Let h be i(-8). What is the highest common divisor of h and q?
11
Let x(q) = 14*q - 15*q - 44*q - 12*q. Let z be x(-3). What is the greatest common factor of z and 19?
19
Let d(z) = 12*z + 3. Let c be d(-5). Let j(f) = -f**2 - 3. Let n be j(-3). Let k = n - c. Calculate the highest common factor of k and 5.
5
Let y(j) = -2*j**2 - 15*j - 13. Let v be y(-5). What is the greatest common divisor of 24 and v?
12
Suppose 3*u + 18 = 6, 5*h + 3*u - 53 = 0. What is the greatest common factor of 91 and h?
13
Let i = 56 + -34. Suppose 13 = 4*z - 75. Calculate the highest common divisor of z and i.
22
Let s(n) = 29*n**3 + 2*n**2 - n. Let o be s(1). Suppose 0 = -2*x - 3*x + o. Suppose -120 = -13*f + 5*f. What is the greatest common factor of x and f?
3
Suppose 2*z - 6*z + 157 = u, 0 = u - 1. Calculate the highest common divisor of 52 and z.
13
Suppose -a + 0*a = h - 149, 3*h + a - 439 = 0. What is the highest common factor of h and 58?
29
Let r(g) = 6*g - 4 - 3 - 5. Let u be r(5). Let i be ((-18)/4 - -2)*-18. What is the greatest common factor of u and i?
9
Let j be 9 - 1*(-6 - -4). What is the highest common factor of j and 33?
11
Let i = -123 + 211. Calculate the greatest common factor of 16 and i.
8
Let s = 0 - -12. Suppose -5*g - 4*c = -26, -8 = -g - 0*g + 2*c. What is the greatest common divisor of g and s?
6
Let n be 978/4 - (7/2 + -2). What is the greatest common factor of n and 9?
9
Let f be 4 + 5/((-5)/(-87)). Suppose 3*l = -l + 52. Calculate the highest common factor of l and f.
13
Suppose s - 6*s - 828 = -2*d, -4*d + 1700 = s. Calculate the greatest common factor of 53 and d.
53
Suppose -5*z - 6 = 2*v, -3 - 5 = v + 5*z. Let b be 4 - v - (-5 + -1). Suppose 0 = -3*m + 2*m + b. What is the greatest common divisor of 80 and m?
8
Let n(o) = -4*o - 12. Let b be n(-6). Let h = 15 - b. Let i(j) = -34*j**3 - 2*j**2 + 1. Let q be i(-1). What is the greatest common divisor of q and h?
3
Suppose 0*a = -2*a. Suppose a = 4*t - 0*t. Suppose t*q = -3*q + 36. Calculate the greatest common divisor of 36 and q.
12
Let y(d) = d**3 + 8*d**2 + 6*d + 3. Let k be y(-7). Let x be ((-8)/10)/((-2)/k). Calculate the greatest common factor of 40 and x.
4
Let i(s) = s**2 - 11*s + 11. Let b be i(11). Calculate the highest common divisor of 88 and b.
11
Let h be (1 + -11)/(-1) + 0. Suppose 7*s - 40 = 3*s. What is the highest common factor of h and s?
10
Let k = 27 + 113. Calculate the highest common factor of 20 and k.
20
Suppose 6*g + 82 = 544. What is the greatest common divisor of 11 and g?
11
Let d = 45 - 38. Suppose -11 - 1 = -2*x - 4*z, -x = -z. Suppose -x*v + 3 - 1 = 0. What is the greatest common divisor of v and d?
1
Let c(a) = 6*a**2 - a - 1. Let s be c(3). Suppose -2*v - 30 = -4*w - 100, 0 = 4*v + 4*w - 80. What is the highest common divisor of s and v?
25
Suppose -4*g = h - 63, 4*g - h + 40 = 105. Let a be 50 - 0 - (1 - -1). What is the greatest common factor of a and g?
16
Let g(n) = 2*n + 6. Let a be g(6). What is the greatest common factor of a and 144?
18
Suppose -4*z = -9*z + 40. Let q(l) = -106*l**2 + 3*l + 2. Let g be q(-1). Let r = g - -171. What is the greatest common divisor of z and r?
8
Let u be 3 - (133 - -1)/(-2). Calculate the highest common divisor of 28 and u.
14
Let z = 19 - 7. What is the highest common factor of z and 108?
12
Suppose -3*o = a - 51, -6*o + 4*o + 242 = 5*a. Calculate the highest common factor of a and 12.
12
Suppose 213 + 67 = 5*o. What is the highest common divisor of o and 16?
8
Suppose 2*m - m = -5. Let u be (-2)/(-10) - 104/m. Let w(s) = 189*s**2 - s - 1. Let v be w(-1). What is the greatest common divisor of u and v?
21
Suppose -2*i = -2*r + 18, -19 - 1 = 5*i. Let w = -3 + r. Let b be 15*2/10*w. What is the greatest common factor of b and 66?
6
Let l(b) = -11 - b + 3*b + 2. Let m be l(7). Suppose 3*r + q - 56 = 0, -2*r = 2*r + m*q - 93. Calculate the greatest common divisor of r and 170.
17
Let s(q) = q + 2. Let c be s(-6). Let k be (1/(-1))/(c/72). Suppose 2*p + 8 = 3*b, 5*p + 0 = 5*b - 10. Calculate the greatest common divisor of k and p.
2
Suppose 0*w - 3*w = -2*d + 105, 5*w = 5. Let b = 4 - 4. Suppose 0 = -5*j + 2*k + 28, b = -j + 2*k + 4 - 0. Calculate the highest common factor of j and d.
6
Suppose i + h = 4, -4*i + 10 + 12 = -2*h. Suppose -52 - 18 = -i*k. Suppose -s - k = -3*s. Calculate the highest common factor of s and 1.
1
Suppose -1 = -w - 5. Let j be 25/3 - w/6. Let r be 9 + 1 + (-16)/4. What is the highest common divisor of j and r?
3
Let k be -2 - ((-2)/4 + (-51)/6). What is the highest common factor of 7 and k?
7
Suppose -13*u - 20 = -14*u. Calculate the highest common divisor of 220 and u.
20
Let c(j) = 20*j**2 + j - 1. Let f be c(1). Let y be f/(-3)*(-24)/10. Suppose -y = -g - g. What is the greatest common divisor of 72 and g?
8
Let c(k) = 31*k - 6. Let w be c(1). Calculate the greatest common divisor of 15 and w.
5
Suppose -3*x + 38 + 22 = 0. Suppose 3*n - x = 7. Calculate the greatest common divisor of 1 and n.
1
Let x(j) = 40*j + 29. Let v(u) = 27*u + 19. Let d(p) = 8*v(p) - 5*x(p). Let h be d(3). Calculate the highest common factor of 22 and h.
11
Let u = -322 + 457. What is the greatest common factor of 15 and u?
15
Let t = -10 - -14. Let j be 22/5 + t/(-10). Let l be ((-6)/(-3))/(4/72). What is the highest common divisor of j and l?
4
Let z = -167 - -190. What is the greatest common divisor of z and 207?
23
Let r = -9 + 13. Suppose 5*j = 2*h - 235, r*h + j - 491 = 4*j. Calculate the greatest common factor of 25 and h.
25
Suppose 7*b - 12 = 3*b. Let z(p) = -p**3 - 6*p**2 - p. Let g be z(-6). Let a = -5 + g. Calculate the greatest common divisor of b and a.
1
Suppose 5*q = 9*q + 4. Let a be q*(-3 - -4)*-1. Let b = a + 3. Calculate the greatest common divisor of 28 and b.
4
Suppose -4*p + 0*r + 2*r + 24 = 0, -4*p = -4*r - 16. What is the greatest common divisor of 64 and p?
8
Let i(t) = t**3 + 8*t**2 + 4*t - 8. Let f(r) = -r**3 - 7*r**2 - 4*r + 6. Let l be f(-6). Let z be i(l). What is the highest common divisor of 100 and z?
20
Suppose -5*j - 14 = 4*a + 13, 3*a + 9 = 0. Let o(t) = 2*t**2 + 4*t + 3. Let u be o(j). Calculate the highest common factor of u and 81.
9
Let p = 0 - -12. Suppose 2*j + 0*j + 25 = 5*f, 0 = -4*f - j + 7. Let u be (37 - 1)*8/f. Calculate the greatest common divisor of u and p.
12
Let h be (-2 - (-5)/10)*-12. Calculate the highest common factor of h and 90.
18
Suppose 3*m - 56 = -m. Let j(g) = -4*g**3 - g + 1. Let a be j(-3). Calculate the greatest common divisor of a and m.
14
Let i be (9 - (2 + 2)) + 0. What is the highest common factor of 1 and i?
1
Suppose -31 = 5*d - 91. What is the greatest common divisor of 6 and d?
6
Let s(v) = -v**3 - 11*v**2 - v + 13. Let h be s(-11). Suppose -2*z = z - h. Calculate the greatest common divisor of 1 and z.
1
Let h = -5 - -8. Suppose 2*r - 3*p = -7, p + 0 + 5 = -3*r. Let q = h - r. Calculate the highest common divisor of 40 and q.
5
Let c be 33/(-2)*(-6)/9. Let w = -2 + c. Let u = w - -21. What is the highest common factor of u and 10?
10
Let g(c) = -c**2 + 4*c + 7 - c**3 + 3*c**2 + 3*c**2. Let x be g(5). Let b = 3 - 0. Calculate the highest common factor of x and b.
3
Suppose -k + 21 = y + 1, y = 0. Calculate the highest common divisor of 80 and k.
20
Let s be (0 + -4 + 3)*21. Let j(n) = -n**3 - 9*n**2 - 6*n + 1. Let y be j(-6). Let f = s - y. Calculate the greatest common divisor of 5 and f.
5
Let c(u) = 23*u - 5. Let p(b) = 12*b - 3. Let n(q) = -2*c(q) + 5*p(q). Let m be n(4). Calculate the highest common factor of 17 and m.
17
Suppose 2*l - 2*b - 3 = 3*b, 0 = 4*l + 5*b - 51. Let q(p) = 2 - 10 - 4 + 3*p. Let f be q(l). Calculate the greatest common factor of 45 and f.
15
Suppose -32*b = -22*b - 1110. Calculate the highest common divisor of 74 and b.
37
Let 